)/(-15) - (-2)/(-15). Suppose 0 = -v, l = o - v - 8 - 7. What is the highest common factor of 135 and o?
15
Let i(x) = 4*x**3 + 3*x**2 + 17*x - 10. Let s be i(5). Calculate the highest common factor of 50 and s.
50
Let m(l) = l**2 - 40*l + 373. Let z be m(12). What is the highest common divisor of 259 and z?
37
Let g(f) = -2*f**2 - 2*f + 7. Let k = -13 - -8. Let c be g(k). Let i be (-162)/7*154/c. What is the greatest common divisor of i and 12?
12
Let b(s) = -3*s + 3*s - 2 - 9*s - 5*s. Let c be b(-2). Suppose -154 = -5*x + 236. Calculate the greatest common factor of c and x.
26
Let j(m) = m**2 - 8*m + 6. Let t(r) = 2*r**2 - 7*r + 7. Let f(o) = -3*j(o) + 2*t(o). Let h be f(-11). What is the highest common factor of h and 28?
7
Let z be -15*10/(-15) + 4. Let f = -11 + z. Calculate the greatest common divisor of f and 21.
3
Let f be (21 + -6)/((-1)/(-15)). Calculate the greatest common divisor of f and 45.
45
Let i(o) = -4*o - 14. Let x be i(-10). Calculate the greatest common factor of x and 416.
26
Let n(u) = -3*u + 3*u + 9 + 4*u - 3*u. Let q be n(9). Calculate the highest common divisor of 2 and q.
2
Let x be 2/(3 + 1)*2. Calculate the highest common factor of 32 and x.
1
Let d = 7 - 7. Suppose d = 2*q + 9 + 7. Let t be (414/6)/((-6)/q). Calculate the highest common factor of 23 and t.
23
Let a = -2355 - -2358. Let w be 1/3 + (-94)/(-6). Let x = -7 + w. Calculate the highest common factor of a and x.
3
Suppose 0 = -13*d + 17*d + 344. Let c = d + 122. Calculate the greatest common divisor of 12 and c.
12
Suppose 720 = 4*m + 2*b, 2*m - 362 = -4*b - 2. Suppose 5*h - 3*i - 185 = 0, 0 = 5*h - 2*i - 2*i - m. Calculate the greatest common factor of h and 360.
40
Let n be 3 + (2 - (-8)/(-4)) - 2. Calculate the highest common divisor of n and 71.
1
Suppose 0 = -4*r + 1 + 75. Let t be (-6)/4*(5848/(-102) - 6). Calculate the greatest common factor of t and r.
19
Let o be (228/10)/(-4 - (-172)/40). Let r be o/18 + (-28)/126. Calculate the highest common factor of 36 and r.
4
Let o = -301 - -371. Calculate the greatest common factor of 30 and o.
10
Suppose 78*t + 75 = 169*t - 88*t. Let c(k) = k**3 - 2*k**2. Let v be c(5). Calculate the highest common factor of t and v.
25
Let p(d) = d**2 + 2*d - 4. Let r be p(-4). Suppose 2*c - 26 = r*b, 0*c = c - 5*b - 13. What is the highest common factor of c and 65?
13
Let d be (-36)/(-1 + 4 - 46/14). What is the highest common factor of d and 9?
9
Suppose 2*k - 26 = 5*a, -k - 3*k + 4*a = -64. Let v be (k - 30)/(2/(-3)). What is the greatest common factor of 36 and v?
18
Let l(u) = u**3 - 21*u**2 - 42*u - 60. Let g be l(23). What is the greatest common factor of 48 and g?
16
Suppose -4*a + 2*c + 382 = 52, 2*a - 4*c = 180. Suppose 0 = -4*o - 0*o + a. What is the greatest common factor of 10 and o?
10
Let i be (9/(-6))/(2/(-16)). Let u = i + -7. Suppose 0*c = -3*d + c + 29, 45 = u*d - 5*c. What is the highest common divisor of 70 and d?
10
Let b be 2/(-2)*(-8 - -1). Suppose 0 = -b*q - 100 - 26. Let h = q - -39. What is the highest common divisor of 168 and h?
21
Suppose 0 = 4*t - 3*j - 31, 3*j = -5*t + 4*t - 11. Suppose 0 = t*q - 104 - 0. What is the greatest common divisor of q and 234?
26
Suppose 3*i + 7*b - 83 = 12*b, -i + 4*b + 16 = 0. What is the greatest common divisor of i and 198?
18
Let g(k) = k**2 + 10*k + 9. Let h be g(-9). Suppose h*j = j. Suppose j = -17*s + 13*s + 588. Calculate the greatest common factor of 21 and s.
21
Let t be 1/1*-1 + 163. Suppose 0 = -3*c - 4*q - 0*q - 75, -96 = 5*c - 3*q. Let v be 2*12/(-8) - c. Calculate the highest common factor of v and t.
18
Let p(f) = f + 39. Suppose 110 = -3*q - 2*q. Let s be p(q). What is the highest common factor of s and 1?
1
Suppose 0 = 2*g + 2*g + 8, -3*g = -3*y + 294. Let i be (-40 + 0)/(-1)*72/y. Calculate the greatest common divisor of 20 and i.
10
Let r be 26/6 - 18/(-27). Suppose -r*x = -0*x + 3*m - 7, 5 = 3*x + m. What is the greatest common divisor of x and 1?
1
Let j = -467 - -742. Let d(q) = -2*q - 5. Let c be d(-15). What is the highest common divisor of c and j?
25
Let n = -344 - -482. Calculate the highest common divisor of 18 and n.
6
Suppose 12 = 3*f - 0*f + 3*d, -3*f = -d - 16. What is the highest common factor of 5 and f?
5
Let j be (-18 - -17)*2*-2. Suppose 0 = 4*o - j*g - 44, -2*o + 27 = -0*o - g. What is the greatest common divisor of 16 and o?
16
Suppose a + 89 = 5*q + 5*a, -a - 88 = -4*q. Suppose 8*y = 5*y + q. Suppose s - c - 6 = y, -4*c - 40 = -3*s. Calculate the highest common divisor of s and 36.
12
Suppose 186 = 13*t - 35. Suppose -61 = -4*f - 5*d, 4*f - d - 48 = -t. What is the highest common factor of 18 and f?
9
Suppose -7*g - 14 = -112. Let v(h) = -5*h - 6. Let c be v(-4). Calculate the highest common divisor of g and c.
14
Let i(l) = -18*l**3 - l**2 - l. Let y be i(-1). Let h(u) = 144*u**3 + 2*u**2 - 9*u + 7. Let d be h(1). Calculate the greatest common factor of d and y.
18
Let t(q) = q**3 - 16*q**2 + 28*q + 1. Let o be t(14). Suppose 2*g = 5 + o. What is the highest common factor of 15 and g?
3
Let q = -42 - -30. Let h(u) be the second derivative of -u**3/3 - 7*u**2/2 + 5*u + 4. Let w be h(q). Calculate the greatest common divisor of w and 17.
17
Suppose 0 = -5*d + 4*d + 27. Suppose -4*r + r = -d. Let k(s) = 2*s**2 - s - 6. Let t be k(-7). What is the greatest common divisor of t and r?
9
Let b(x) = -x**3 + 17*x**2 - 15*x - 6. Let y be 93/6 + (-4)/(-8). Let n be b(y). What is the highest common factor of n and 15?
5
Suppose -5*n + 61 = 5*c + 21, -3*c + 21 = 2*n. Suppose -q - i + 18 = 3*i, -5*q - 10 = -c*i. What is the greatest common divisor of 2 and q?
2
Suppose 4*l + 48 = 4*h, -4*h - l + 28 = -h. What is the greatest common divisor of 125 and h?
5
Let m = -156 - -170. Let j(t) = 9*t**3 + t**2 - 2. Let d(v) = -v**3. Let z(h) = 4*d(h) + j(h). Let s be z(2). Calculate the greatest common divisor of s and m.
14
Let u(p) be the first derivative of 3*p**2 + p - 4. Let a be u(1). Suppose -5 - 5 = 5*i, -109 = -3*f + 2*i. Calculate the highest common divisor of f and a.
7
Let s be (42/(-5))/(63/(-840)). Let n = -86 + s. Suppose -2*m = 7 - 1, -2*p - 4*m + 560 = 0. What is the greatest common factor of p and n?
26
Suppose 5*l + p - 574 = 0, 4*l - 4*p = -2*p + 448. Calculate the highest common factor of 266 and l.
38
Let y(b) = -2*b**2 - b**3 + 10 - 13*b + 13*b**2 - 10*b + 3*b. Let j be y(8). Calculate the greatest common divisor of j and 18.
6
Suppose -164 - 70 = 2*f. Suppose -c - 6*b + 262 = -5*b, -3*b - 549 = -2*c. Let k = f + c. What is the greatest common factor of k and 15?
15
Suppose 5*s + 4*o - 62 = 0, -4 - 4 = 4*o. What is the highest common factor of 119 and s?
7
Suppose -u = -8*u + 28. What is the greatest common divisor of u and 20?
4
Let w(o) = -2*o**2 - 21*o - 26. Let k = 139 + -147. Let p be w(k). Calculate the greatest common divisor of 98 and p.
14
Let w(g) = g**2 + 21*g + 92. Let f be w(-5). What is the greatest common divisor of 426 and f?
6
Let f(r) = r**2 - 22*r - 115. Let o be f(27). What is the greatest common divisor of 670 and o?
10
Suppose -6*w - 8 = -8*w. Suppose 0 = 2*y + 5*r - 55, y - 30 = r - w*r. What is the highest common divisor of y and 45?
15
Let v = -107 + 145. What is the greatest common factor of v and 874?
38
Suppose -p = -2 - 1. Suppose -p*o = -g + 25, -5*g + 2*o = 5*o - 89. Calculate the highest common divisor of 19 and g.
19
Let u(i) = 2*i**2 - 32*i + 72. Let l be u(16). What is the greatest common divisor of l and 126?
18
Suppose 0 = 35*k + 10*k - 2610. Calculate the greatest common factor of k and 145.
29
Let v be 0 + 1 + (-2 - -1). Let y be 0 + (-2 - -4) + v. Suppose x = y*x - 25. Calculate the greatest common divisor of x and 175.
25
Suppose -4 - 106 = -11*z. Calculate the greatest common divisor of z and 250.
10
Let v be (-2182)/(-22) - 10/55. Let l = v + -51. Suppose 0 = -8*n + 4*n + 64. Calculate the greatest common factor of n and l.
16
Suppose 5*k = 3*k + 8, -5*a + 1124 = k. Calculate the highest common factor of 7 and a.
7
Suppose u - 3*m - 92 = 0, -348 + 97 = -3*u + 4*m. Let p = 34 + -23. What is the greatest common divisor of u and p?
11
Let x(r) = 0*r + 5*r - 3*r - 9. Let h(z) = -7*z**3 - z**2 - 2*z - 2. Let v be h(-1). Let a be x(v). What is the greatest common divisor of 